*2 + q*z - 4 - 4*z**2 - z**2. Let v be p(9). Let b(w) = -w + 6. Determine b(v).
1
Let q(y) = -y**2 + 3*y + 7. Let g be 5 - 2 - 8/2. Let c be ((-40)/(-24))/(g/(-3*1)). Give q(c).
-3
Let u(w) be the third derivative of w**6/120 - w**5/6 + 3*w**4/8 + 6*w**2. Give u(9).
0
Let u(t) = -7*t. Let r be u(-1). Let i(p) be the second derivative of 2*p + 1/6*p**3 - 5*p**2 + 0. Give i(r).
-3
Let u(p) = -4*p**3 + 3*p**3 - 6 + 0 + 2*p**3 + 7*p + 13*p**2 - 4*p**2. What is u(-8)?
2
Let g(k) = 3*k + 23 - 20 - 6. Let a(z) = 75*z + 15. Let m(t) = -t. Let w(r) = a(r) + 90*m(r). Let o(q) = 24*g(q) + 5*w(q). Give o(2).
-3
Let o(h) = -11*h - 1. Let u be (-1)/((11/6)/11*-6). Give o(u).
-12
Suppose 11 = -2*f - 1. Let c(n) = -4*n**2 - 7*n - 10. Let j(z) = 3*z**2 + 7*z + 9. Let r(d) = 2*c(d) + 3*j(d). What is r(f)?
1
Let s(g) = -11*g + 10. Let q be 2/(-7) - (-752)/329. What is s(q)?
-12
Let g = -20 - -29. Let v = 3 - g. Let f(c) = -2 + 6 + 2 + 2*c. Determine f(v).
-6
Let m(x) = x**3 - 4*x**2 - 2*x - 4. Suppose 13*v - 85 = -4*v. Suppose v*o = -4*t + 2*o + 7, -4*t = 2*o - 10. What is m(t)?
-12
Let h be (-12)/1*32/48. Let z(u) = -u**2 - 6*u + 8. Give z(h).
-8
Let y(f) = f**2 + 8*f + 9. Let o(k) be the first derivative of -k**3/3 - k**2/2 - k - 17. Let s be o(2). Give y(s).
2
Suppose -11*g + 145 = 13. Let j(r) = -r - 6 - g + 11. Let p(c) = c**3 - 8*c**2 - 2*c + 10. Let u be p(8). Give j(u).
-1
Let g be (102/(-272))/(3/(-24)). Let y(b) be the first derivative of 1/3*b**3 + g*b - 2*b**2 + 11. What is y(4)?
3
Let g(s) = -5. Let b(j) = -j + 2. Let z(h) = b(h) + 6*g(h). Determine z(0).
-28
Let y(g) = -g**3 - 9*g**2 - 7*g + 6. Suppose -2*k = -5*i + 1, 7*i - 8*i = 3*k + 27. What is y(k)?
-2
Let c(g) = -6*g**2 - 2*g + 4*g - g + g**3 - 2. Let k be 20/15*54/12. Determine c(k).
4
Let j(q) be the first derivative of -4/3*q**3 + 1/4*q**4 - 25 - 5*q + 3/2*q**2. Determine j(4).
7
Let q = 243 + -247. Let k(n) = 4*n - 2. Determine k(q).
-18
Let p(k) be the first derivative of -k**3/3 - 3*k**2 + 4*k + 3. Determine p(-3).
13
Let f(b) be the first derivative of -2*b**2 + 19*b - 57. Calculate f(5).
-1
Let w(y) = 2*y + 17. Let z be w(-7). Let h(x) = 10*x**3 + 10*x**3 - 4 + 6*x**3 - 25*x**z - 5*x. What is h(-3)?
-16
Suppose -4*x + 2 + 6 = 0. Let h(s) = s**3 - s. Let c(q) = 5*q**3 + 2*q**2 - 6*q. Let g(r) = -c(r) + 6*h(r). Calculate g(x).
0
Let x(f) = -f. Let s(w) = -9*w - 3. Let m(q) = -s(q) + 4*x(q). Let v(c) = -4*c - 2. Let j(g) = -5*m(g) - 6*v(g). Calculate j(-9).
6
Let n = 50 + -28. Let q be (6 - 10)*1*5. Let l = q + n. Let h(y) = -9*y - 2. What is h(l)?
-20
Let d(v) = 27 - 14 + 6*v - 9 - 3*v - v**2 + 6*v. Give d(10).
-6
Suppose 5*a - 8 = -3. Suppose 2*u = 5 - a. Let r(v) = 122 - 64 - 3*v - 56. Give r(u).
-4
Suppose -1 = n + 4. Suppose 0 = -12*m - 20 + 68. Let p(u) = 11*u**2 - 10*u**2 - 5 + m*u + 3*u - 4*u. Calculate p(n).
5
Let b(w) = -3*w**2 - 10*w - 7. Let h(v) = -4*v**2 - 12*v - 8. Let p(k) = -5*b(k) + 4*h(k). Calculate p(4).
-5
Suppose 2*x - 1 = 1. Suppose l = 4*l - 3. Let b(m) = 5*m - m - m - l + m. Calculate b(x).
3
Let a(b) = 3*b**2 - 8*b - 2. Let h(d) = d**2 - d - 2. Let s(w) = -a(w) + 2*h(w). Suppose -3*m + 25 = 2*m. What is s(m)?
3
Let b(t) be the first derivative of t**7/840 - t**6/60 + t**5/60 + 5*t**4/24 - 2*t**3/3 - 26. Let k(x) be the third derivative of b(x). Determine k(5).
-10
Let d(b) = b**2 - b - 2. Suppose 5*i + 3*m + 145 = 0, 4*i + 6*m + 108 = 2*m. Let f = i + 35. Calculate d(f).
4
Let p(c) = 9*c + 1. Let j(r) = -r**2 + 6*r + 7. Suppose -37 = -5*a + 3*o - 11, -29 = -5*a + 2*o. Let w be j(a). Let b be (-5)/(-10)*(w + 2). Calculate p(b).
10
Suppose -5*u = -5*q + 40, 0 = 5*q + 2*u - 0*u - 19. Let d(o) = -q*o + o**2 - o + 17 - 10. Determine d(5).
2
Let t(v) = -3*v**2 + 0 - 1 + 2*v + 2. Suppose -5*b + 33 = 3. Let x be ((-2)/3)/(4/b). Determine t(x).
-4
Let f(j) = -20*j - 7. Let n(r) = 13*r + 7. Let g(x) = -2*f(x) - 3*n(x). Suppose 0 = -4*k - 15 - 13. What is g(k)?
-14
Let b(d) = d**2 - 4*d - 1. Let c be (12/(-9) - -1) + (-116)/12. Let m be 8 - ((-45)/c + 6/(-4)). Give b(m).
4
Let h(i) be the second derivative of i**6/120 - 11*i**5/60 - 7*i**4/12 + 17*i**3/6 + 5*i**2/2 - 14*i + 3. Let j(k) be the first derivative of h(k). Give j(12).
-7
Let a = -6 + 10. Suppose -a*c + 28 = 12. Let w(b) = b**2 - 5*b - 1. Calculate w(c).
-5
Let h(a) be the first derivative of -4*a + 0*a**2 - 21 - 1/3*a**3. What is h(0)?
-4
Let k(t) = t**2 + t. Let v be ((-4)/6)/(10/15*1). Calculate k(v).
0
Suppose f - 2*f = -13. Let b = f + -13. Suppose 7*v - 9*v = b. Let w(n) = -n**2 + 5. Determine w(v).
5
Suppose 0 = 3*j - 2*j - 4. Suppose 2*l - 2*d = -3*l + 30, 0 = -3*l + 5*d + 37. Let u(c) = -c - l + c + 0*c - 4*c + c**2. What is u(j)?
-4
Let s(c) = -c**2 - 8*c + 13. Let q be s(-9). Let w(d) = -d**2 + 0*d + 3 + 3*d - q + 2. Let r(l) = -l**3 + 19*l**2 + 3. Let z be r(19). Determine w(z).
1
Let j = 43 - 38. Let h be 2/(-8) + 50/8. Let b(d) = -3*d + j - h - d. Give b(1).
-5
Let r = 0 + -1. Let t be 18/(-6)*(-452)/12. Let b(m) = -t + 230 - 117 - 10*m. Give b(r).
10
Let x = -4 - -7. Let k be (x/(-2))/(7/(-14)). Let u be (-5)/15 + 19/k. Let y(j) = -j**3 + 5*j**2 + 6*j + 2. Calculate y(u).
2
Let l(q) = -5*q + 2. Let i(u) = -2*u + 4. Let a be i(2). Suppose -c - 3*c - 3*f + 5 = a, -4*f = -4*c + 12. Calculate l(c).
-8
Let t(f) be the first derivative of -1 - 5/2*f**2 - 3*f. Determine t(-3).
12
Let z(l) = 2*l + 3. Suppose 1746 - 1771 = -5*d. Determine z(d).
13
Let h(d) be the third derivative of -d**8/10080 - d**7/1260 - d**6/240 + 2*d**5/5 - 28*d**2. Let k(a) be the third derivative of h(a). What is k(-3)?
-9
Let n(s) = -s**3 + 3*s - 2. Let l(d) = 13*d**3 - 2*d**2 - 16*d + 11. Let f(h) = l(h) + 6*n(h). Let a = -5 - -3. Let m = a + 3. Calculate f(m).
6
Let s be 1*(-10)/65 - 4/(-26). Let c(m) be the third derivative of 0*m + 0 - 3*m**2 + 1/2*m**4 + s*m**3. Give c(-1).
-12
Let m(b) be the second derivative of b**4/12 + b**3/2 + 2*b**2 - 22*b. Suppose -x = 2*x + 12. Determine m(x).
8
Let s(w) = -21*w + 206. Let t(v) = 4*v - 38. Let g(k) = 6*s(k) + 33*t(k). What is g(2)?
-6
Suppose -u = -5*u. Let m(k) be the second derivative of k**7/2520 - k**6/720 + 7*k**4/4 + 14*k. Let i(t) be the third derivative of m(t). Determine i(u).
0
Let y(v) = v**3 + v + 1. Let t(x) = x**2 - 4*x - 1 + 0*x**2 - x - 2*x**3 + 4*x**2. Let z(l) = t(l) + y(l). What is z(4)?
0
Suppose q + 24 = -2*l + 29, 0 = -2*l - 5*q + 25. Let p(t) be the third derivative of 0*t + 0*t**4 - 1/60*t**5 - 7/6*t**3 - 9*t**2 + l. Give p(0).
-7
Let g be 17/(816/(-80))*(9/3 + 0). Let a(d) = -3 - d**3 - 7*d**2 - d + 2*d**2 - 2. Calculate a(g).
0
Let g(l) = l + 2. Let r be g(0). Let p(s) = 0*s + r + s**2 + s + 3*s. Let n = 18 - 22. Give p(n).
2
Let v = -2 - -8. Let o(a) = 69*a - 6. Let k(z) = -52*z + 6. Let p(m) = -4*k(m) - 3*o(m). Give p(v).
0
Let h(z) = -5*z**3 - z**3 + 8*z - 146*z**2 + 14 + 141*z**2 + 5*z**3. Let p be h(-6). Let r(l) = 2*l**3 - 2*l**2 + l + 2. Give r(p).
12
Let i(f) = 1. Let x(j) = j. Let c be (-9)/((-18)/(-8)) + 8. Let l(g) = c*i(g) - x(g). Calculate l(-6).
10
Let q(r) = -r**2 - 3*r + 2. Suppose 5*d - 8 = b, -5*b - 2*d + 44 = d. Let h(i) = 16 + 5*i - 3*i - b*i. Let u be h(4). Give q(u).
-2
Suppose -72 = 181*f - 175*f. Let v(y) = -y + 13. Calculate v(f).
25
Suppose 41 + 15 = -7*x. Let g(y) = -3*y - 4. What is g(x)?
20
Let u(j) = -5*j**2 - j - 4. Let k(r) = 6*r + 4*r**2 + 3*r + 3 - 11*r + 3*r. Let s(m) = -4*k(m) - 3*u(m). What is s(1)?
-2
Let w = 7 + -2. Suppose -i = 4*d + 15, -2*i - 10 = -2*d + 6*d. Let g(z) = 10*z**3 + i*z**2 + z + 0*z - 11*z**3. Calculate g(w).
5
Let b(u) = -u. Let f = 38 + -34. Let p(x) = 6*x + 2. Let w(n) = f*b(n) + p(n). What is w(-4)?
-6
Let y = -235 - -241. Suppose 4*u - 5*f = -20, 4*u + 15 = u - 4*f. Let b(d) = d**2 + d - 1. Let l(m) = -6*m**2 - m + 8. Let c(a) = u*b(a) - l(a). Calculate c(y).
9
Let x(y) = 4*y + 8. Let a = -802 + 802. What is x(a)?
8
Let j(r) = r**2 - 12*r + 3. Let s(b) = -2*b + 2. Let p(c) = j(c) - 3*s(c). What is p(6)?
-3
Let p be (4/(-6))/(10/30). Let v(a) = 4*a. Determine v(p).
-8
Let n(g) = 4*g + 0*g**3 - 3*g - 7 - g**3 + 7*g**2 - 6*g. Suppose w = -4*z - 6, w - 3*z + 9 = 4*w. Give n(w).
-1
Let q(u) be the second derivative of u**3/3 + 5*u**2/2 - 2*u + 148. What is q(0)?
5
Let r(p) = p**2 - 11*p + 8. Suppos